hundreds digit of f(6)?
2
Suppose 0 = f - 6 + 1. Suppose -f*w + 5*b = -55, -28 = -3*w - 0*w + 2*b. What is the units digit of w?
6
Let b be ((-12)/(-8))/(9/12). What is the tens digit of -6*(-3 + (-1)/b)?
2
Let d(b) = b**2 + 1. What is the tens digit of d(-3)?
1
Suppose 3*p - 4*p + 5*v = -23, -2*p - v = -2. What is the tens digit of p*-3*10/(-9)?
1
Let a = -186 - -419. What is the tens digit of a?
3
Let g = 4 + -4. Suppose -4*t + 11 + 57 = g. What is the units digit of t?
7
Suppose 40 - 12 = -4*o. Let d = -5 - o. Suppose -f + 15 = 2*z, -z - d*z - f + 21 = 0. What is the units digit of z?
6
Let v(c) = -5*c + 5. What is the tens digit of v(-8)?
4
Let u(y) = -y**2 - 6*y + 2. Let w be u(-5). Suppose -w*n = -2*n. Suppose n = -b - 2 + 6. What is the units digit of b?
4
Suppose 6*g = 3*g + 9. Suppose -g*i + 5*i = 16. What is the units digit of i?
8
Let z(g) = -73*g - 26. What is the tens digit of z(-3)?
9
Suppose 0 = 3*o - 5*o + 10. Let t(d) = 7*d - o*d**2 + 4*d**2 + 2 - 4. What is the units digit of t(6)?
4
What is the tens digit of ((-110)/15)/(3/(-9))?
2
Let p(n) = 5*n**2 - 2*n - 1. What is the units digit of p(-1)?
6
Let a = 15 - 5. Suppose 0*d + d - 19 = -2*u, -2*u + a = 0. What is the units digit of d?
9
Suppose -27*l - 12 = -29*l. What is the units digit of l?
6
Let x = 8 + -4. Suppose h + x = -1. What is the units digit of (-264)/(-40) - 2/h?
7
Suppose -2*v + 0 = -4. Suppose 0 = -4*k + 18 - v. What is the units digit of k?
4
Let q be (2 - 0)/((-2)/(-4)). Suppose 2*l = q*s + 5*l - 91, 3*l + 80 = 5*s. Suppose 4*b - s - 1 = 0. What is the units digit of b?
5
Suppose 612 = -2*q + 8*q. What is the units digit of q?
2
Suppose -p + 60 = -3*n, p - 5*n - 66 + 4 = 0. Let j = p - 12. What is the tens digit of j?
4
What is the units digit of (1 - (2 - 2))*1?
1
Let x be (-8)/20 + (-56)/10. Let p(y) = -y - 1. Let n(m) = -m - 1. Let h(z) = 2*n(z) - p(z). What is the units digit of h(x)?
5
Let k(p) = p**2 + 6*p - 5. Let w be k(4). Let l = -24 + w. What is the units digit of l?
1
Let r = 366 - 161. What is the hundreds digit of r?
2
Suppose 0 = 5*k - 0*k - 10. Let j(x) = -x**3 - 2*x**2 + 4*x + 3. Let y be j(-3). Suppose 2*z - 2 = -k*h + 2, y = h - 2*z - 17. What is the units digit of h?
7
Let v be 6/4 + (-5)/(-2). Suppose 2*p + 2*o = 56, -2*o + 70 = v*p - 42. What is the tens digit of p?
2
Suppose u + 5*y - 87 = 0, -2*u + 2*y = -4*u + 134. Suppose 4*p = 3*c + 162 - u, 0 = c - 4. What is the units digit of p?
8
Suppose 3 = t - 4*r - 2, 0 = 3*t - r - 37. Suppose -n - 6 + 1 = 0. Let d = t + n. What is the units digit of d?
8
Let s = -50 - -130. What is the units digit of s?
0
Suppose -4*w + 48 = -w. What is the units digit of w?
6
Let b = -52 + 95. What is the tens digit of b?
4
Suppose 4*q - 1881 = -5*w, -5*w = -9*w + 3*q + 1480. What is the tens digit of w?
7
Suppose -3*j - 4 = -1. Let y = j - -9. What is the units digit of y?
8
Let y(k) = k**3 - 12*k**2 + 12*k - 13. Let i be y(11). What is the units digit of (0 - -2)/(i/(-5))?
5
Suppose 2*h - 18 = 4*b, 0 = -h + 3*h - b - 18. What is the units digit of h?
9
Let t(v) = v**3 - 7*v**2 - 4*v + 2. Let s(o) = -2*o**3 + 15*o**2 + 8*o - 5. Let i(x) = -2*s(x) - 5*t(x). What is the tens digit of i(5)?
2
Suppose 0 = 3*w + 32 - 98. Suppose 3*o + 1 - w = 0. What is the units digit of o?
7
Let f(i) = -11*i - 20. What is the tens digit of f(-9)?
7
Suppose -3*y + 2*y = 0. Let u = y + 2. Suppose u*r - r - 1 = 0. What is the units digit of r?
1
Let i(s) = -s + 2. What is the tens digit of i(-8)?
1
Suppose 0 = 2*x - x. Suppose 0*o + 3*o - 18 = x. Suppose -p = -o*p + 5, 4*k + 4*p = 16. What is the units digit of k?
3
Let g = -547 - -889. What is the units digit of g?
2
Let w = 192 - 98. What is the tens digit of w?
9
Suppose 0 = -4*i + 2*i + 4. Suppose -2*s + 8 = x, 0 = i*s + s - 12. Suppose 3*l - 18 - 15 = x. What is the tens digit of l?
1
Let f = 6 - 3. Let r be ((-4)/6)/(2/(-6)). Suppose 3*o = w - 2*w - r, 0 = -f*w - 2*o + 8. What is the units digit of w?
4
Let x = -107 - -150. What is the units digit of x?
3
Let g(i) = 2*i**2 - 9*i - 3. What is the tens digit of g(6)?
1
Let x(v) = -v**2 - 3*v + 4. Let w be x(-4). What is the units digit of (w - 0) + 1 + 0?
1
Let o be (-3)/(-3) + 6 - 2. Suppose 2*t + o = -2*v - 13, 5*t - 11 = 2*v. Let c = -5 - v. What is the units digit of c?
3
Let b be (2 - 1/(-1))*6. Let c be 1/(0 + 3/b). Suppose -c*w + 2*w - 23 = -q, w = -2*q + 1. What is the units digit of q?
3
Suppose p - 68 - 36 = -3*t, 3*p + 4*t - 287 = 0. What is the units digit of p?
9
Let j(v) = -2*v - 1. Let b(x) = x**2 + 2*x + 1. Let t(a) = 3*b(a) + 4*j(a). Let d be t(-2). Suppose -o = -0*o - d. What is the tens digit of o?
1
Suppose 0 = -i + 4*m + 30, m + 86 = 2*i + 12. Suppose i*c - 117 = 35*c. What is the tens digit of c?
3
Let y be (-53)/(-5) - 2/(-5). Let s = -7 + y. Suppose 2*k + 4*x = -10, k - 3*x - s = 6. What is the units digit of k?
1
Let j = -27 + 38. Let o = 3 + j. Let f = o - 10. What is the units digit of f?
4
Let t(l) = l**3 + 9*l**2 + 7. Let d be t(-9). What is the tens digit of 745/35 - 2/d?
2
What is the units digit of 233*(-5 + -1)/(-6)?
3
What is the tens digit of (-2)/(-4) + 0 - 675/(-6)?
1
Suppose 9 = 3*h, -p - 2*h = -3*p + 36. What is the tens digit of p?
2
Let n(y) = -2*y**3 - 2*y - 1. Let f be n(-1). Suppose 1 + 3 = 2*m. Suppose m*o + 2*p = 18, -4*o + 2*p = -f*o - 12. What is the tens digit of o?
1
Let c be 0 - -17*(0 + 1). Suppose o - 34 = -4*x, 5*x = -5*o + 33 + c. Let g(t) = -t**3 + 9*t**2 - 7*t - 2. What is the units digit of g(x)?
6
Suppose 3*i - 6*p + p - 97 = 0, 85 = 3*i + p. What is the units digit of i?
9
Let p(s) = s**2 - 4. Suppose 4*g + 8 = -2*v, 4*v - 5*g - 3 = 7. Let r be p(v). Let t = r - -10. What is the units digit of t?
6
Let d(s) = s**3 + 6*s**2 - 4*s + 6. What is the units digit of d(-6)?
0
Let r(g) = -g**3 - g - 7. Let l = -5 - -5. Let n be r(l). Let u = n + 27. What is the units digit of u?
0
Let z = 103 - 66. What is the tens digit of z?
3
Suppose 2*b = 3*b - 15. Suppose r = -4*n + n + 69, 0 = -5*n - b. Suppose y = 4*h - 83, r = 5*h + y - 19. What is the tens digit of h?
2
Suppose 2*n = -3*n + 540. What is the hundreds digit of n?
1
Let k(a) = -a**2 + 10*a - 2. Let m(j) = -j**2 + 11*j - 1. Let o(c) = -6*k(c) + 5*m(c). What is the units digit of o(9)?
3
Suppose -2*u + 0*q - 5*q - 8 = 0, 3*u + 2*q + 1 = 0. Suppose 3*g = -3*g. What is the units digit of (u/(-2) - g)*-18?
9
What is the units digit of 1*10/(-8)*-24?
0
Let t be 2/12*3*12. Let v(y) = 2*y - 5. What is the units digit of v(t)?
7
Let x(s) be the second derivative of 5*s**3/6 - s**2 - 9*s. What is the units digit of x(2)?
8
Let m be 2 - (1 + (0 - 2)). Let l = 8 - m. Suppose 4*v + 8 = -3*c, 7*c = l*v + 3*c - 21. What is the units digit of v?
1
Let d(n) = 2 - 2 - 2 + 3*n - 1. What is the units digit of d(5)?
2
Suppose 0 = -28*g + 29*g - 187. What is the units digit of g?
7
Let i = 87 + -58. What is the tens digit of i?
2
Suppose -2*f + 10*f = 872. What is the tens digit of f?
0
Let t = 3 - 3. Suppose -q = -t - 4. Suppose 0 = -a + q*a - 54. What is the tens digit of a?
1
Let x be (-9)/(-6)*(8 - 2). Let s = 18 - x. What is the units digit of 3 - (6/(-2) - s)?
5
Let a = 154 - -3. What is the units digit of a?
7
Suppose b + g = -0*g + 6, -5*b + 3*g = 2. Suppose -y - l = -2*y + 5, 4*y - 22 = b*l. What is the units digit of y?
6
Let d be -5 - -2 - (-1 - -3). Let n = 16 + d. What is the tens digit of n?
1
Let k be ((-14)/3)/(8/(-12)). Let p = k - 5. Suppose 0 = 5*d - p*h - 5 - 11, -5*h = 15. What is the units digit of d?
2
Let g = 8 + -3. Let u be 0 + g + -2 + 2. Suppose -45 = -u*y - 0*y. What is the units digit of y?
9
What is the units digit of (6 - 5)*(1 + 4)?
5
Let s(d) = -3*d + 3. Let o be s(3). Let z be o*1/(-2)*1. What is the tens digit of 2*((-75)/(-6) - z)?
1
Suppose 56 = 2*m - 5*f - 25, 154 = 4*m - 2*f. What is the tens digit of m?
3
Let f = 4 + -4. Suppose f = 3*r - 26 - 76. What is the tens digit of r?
3
Let l(j) = j**2 - 2*j + 3. Let u be l(2). Suppose 6 = -2*i - 3*r + 26, u*r + 15 = 3*i. What is the units digit of i?
7
Suppose 2*r = -2*d - 46 + 170, r = 2*d - 115. What is the units digit of d?
9
Let t be (-4)/26 + 2424/39. Suppose -12 = -4*j + 2*j. What is the units digit of 6/9 + t/j?
1
Suppose 0*y = -2*y + 70. Let i 